{"id":24,"date":"2024-05-18T09:47:54","date_gmt":"2024-05-18T09:47:54","guid":{"rendered":"https:\/\/restaurant-schulze.de\/?page_id=24"},"modified":"2024-12-14T12:10:36","modified_gmt":"2024-12-14T12:10:36","slug":"restaurant","status":"publish","type":"page","link":"https:\/\/restaurant-schulze.de\/?page_id=24","title":{"rendered":"Restaurant"},"content":{"rendered":"\n<div class=\"alignnormal\"><div id=\"metaslider-id-79\" style=\"width: 100%;\" class=\"ml-slider-3-90-1 metaslider metaslider-flex metaslider-79 ml-slider ml-slider-lightbox-1-13-2 lightbox-disabled ms-theme-radix nav-hidden\" role=\"region\" aria-roledescription=\"Slideshow\" aria-label=\"R\u00e4umlichkeiten\">\n    <div id=\"metaslider_container_79\">\n        <div id=\"metaslider_79\">\n            <ul class='slides'>\n                <li style=\"display: block; width: 100%;\" class=\"slide-86 ms-image \" aria-roledescription=\"slide\" aria-label=\"slide-86\"><img loading=\"lazy\" decoding=\"async\" src=\"https:\/\/restaurant-schulze.de\/wp-content\/uploads\/2024\/05\/innen03-634x271.jpg\" height=\"300\" width=\"700\" alt=\"\" class=\"slider-79 slide-86\" title=\"innen03\" \/><\/li>\n                <li style=\"display: none; width: 100%;\" class=\"slide-88 ms-image \" aria-roledescription=\"slide\" aria-label=\"slide-88\"><img loading=\"lazy\" decoding=\"async\" src=\"https:\/\/restaurant-schulze.de\/wp-content\/uploads\/2024\/05\/innen05-700x300.jpg\" height=\"300\" width=\"700\" alt=\"\" class=\"slider-79 slide-88\" title=\"innen05\" \/><\/li>\n                <li style=\"display: none; width: 100%;\" class=\"slide-89 ms-image \" aria-roledescription=\"slide\" aria-label=\"slide-89\"><img loading=\"lazy\" decoding=\"async\" src=\"https:\/\/restaurant-schulze.de\/wp-content\/uploads\/2024\/05\/innen06-700x300.jpg\" height=\"300\" width=\"700\" alt=\"\" class=\"slider-79 slide-89\" title=\"innen06\" \/><\/li>\n            <\/ul>\n        <\/div>\n        \n    <\/div>\n<\/div><\/div>\n\n\n\n<p>Gem\u00fctlicher Tresenbereich mit Blick auf ein gut sortiertes Wein- und Whiskyregal<\/p>\n\n\n\n<p>Gastraum mit insgesamt 24 Sitzpl\u00e4tzen und gem\u00fctlichen Sitzecken<\/p>\n\n\n\n<p><\/p>\n\n\n\n<p>Eine Reservierung ist zu empfehlen<\/p>\n\n\n\n<p><\/p>\n","protected":false},"excerpt":{"rendered":"<p>Gem\u00fctlicher Tresenbereich mit Blick auf ein gut sortiertes Wein- und Whiskyregal Gastraum mit insgesamt 24 Sitzpl\u00e4tzen und gem\u00fctlichen Sitzecken Eine Reservierung ist zu empfehlen<\/p>\n","protected":false},"author":1,"featured_media":0,"parent":0,"menu_order":0,"comment_status":"closed","ping_status":"closed","template":"","meta":{"footnotes":""},"class_list":["post-24","page","type-page","status-publish","hentry"],"_links":{"self":[{"href":"https:\/\/restaurant-schulze.de\/index.php?rest_route=\/wp\/v2\/pages\/24","targetHints":{"allow":["GET"]}}],"collection":[{"href":"https:\/\/restaurant-schulze.de\/index.php?rest_route=\/wp\/v2\/pages"}],"about":[{"href":"https:\/\/restaurant-schulze.de\/index.php?rest_route=\/wp\/v2\/types\/page"}],"author":[{"embeddable":true,"href":"https:\/\/restaurant-schulze.de\/index.php?rest_route=\/wp\/v2\/users\/1"}],"replies":[{"embeddable":true,"href":"https:\/\/restaurant-schulze.de\/index.php?rest_route=%2Fwp%2Fv2%2Fcomments&post=24"}],"version-history":[{"count":3,"href":"https:\/\/restaurant-schulze.de\/index.php?rest_route=\/wp\/v2\/pages\/24\/revisions"}],"predecessor-version":[{"id":239,"href":"https:\/\/restaurant-schulze.de\/index.php?rest_route=\/wp\/v2\/pages\/24\/revisions\/239"}],"wp:attachment":[{"href":"https:\/\/restaurant-schulze.de\/index.php?rest_route=%2Fwp%2Fv2%2Fmedia&parent=24"}],"curies":[{"name":"wp","href":"https:\/\/api.w.org\/{rel}","templated":true}]}}